{"id":144,"date":"2026-01-22T14:21:04","date_gmt":"2026-01-22T14:21:04","guid":{"rendered":"http:\/\/eldrevet.dk\/?page_id=144"},"modified":"2026-01-22T14:21:04","modified_gmt":"2026-01-22T14:21:04","slug":"ellert","status":"publish","type":"page","link":"https:\/\/eldrevet.dk\/?page_id=144","title":{"rendered":"Ellert"},"content":{"rendered":"\n<p>&#8220;Ellert&#8221; blev k\u00e6lenavnet p\u00e5 det lille trehjulede k\u00f8rert\u00f8j som teknisk set er en trehjulet motorcykel.<\/p>\n\n\n\n<figure class=\"wp-block-image size-large is-resized\"><img loading=\"lazy\" decoding=\"async\" width=\"1024\" height=\"768\" src=\"http:\/\/eldrevet.dk\/wp-content\/uploads\/2026\/01\/Ellerter-1024x768.jpg\" alt=\"\" class=\"wp-image-145\" style=\"aspect-ratio:1.3333401151553377;width:647px;height:auto\" srcset=\"https:\/\/eldrevet.dk\/wp-content\/uploads\/2026\/01\/Ellerter-1024x768.jpg 1024w, https:\/\/eldrevet.dk\/wp-content\/uploads\/2026\/01\/Ellerter-300x225.jpg 300w, https:\/\/eldrevet.dk\/wp-content\/uploads\/2026\/01\/Ellerter-768x576.jpg 768w, https:\/\/eldrevet.dk\/wp-content\/uploads\/2026\/01\/Ellerter.jpg 1407w\" sizes=\"auto, (max-width: 1024px) 100vw, 1024px\" \/><\/figure>\n\n\n\n<p>Prototypen hed U36, men Steen V. Jensen fik lov til at bruge navnet &#8220;Mini-EL&#8221; som Thure Bars\u00f8e-Carnfeldt ellers havde anvendt til det f\u00f8rste fors\u00f8g p\u00e5 sin elbil.<\/p>\n\n\n\n<p>Senere kom Ellerten i en forbedret version under navnet CityEl (stelnummer over nr.1950).<\/p>\n\n\n\n<p>Ellerten var p\u00e5 et tidspunkt verdens mest solgte typegodkendte elk\u00f8ret\u00f8j.<\/p>\n\n\n\n<p>Meget mere info kan findes p\u00e5 dette Ellert-site:&nbsp;<a href=\"http:\/\/www.ellert.info\/\">http:\/\/www.ellert.info\/<\/a><\/p>\n\n\n\n<figure class=\"wp-block-embed is-type-video is-provider-youtube wp-block-embed-youtube wp-embed-aspect-4-3 wp-has-aspect-ratio\"><div class=\"wp-block-embed__wrapper\">\n<iframe loading=\"lazy\" title=\"Mini-El Ellert\" width=\"1200\" height=\"900\" src=\"https:\/\/www.youtube.com\/embed\/yaOHfjzZWWE?feature=oembed\" frameborder=\"0\" allow=\"accelerometer; autoplay; clipboard-write; encrypted-media; gyroscope; picture-in-picture; web-share\" referrerpolicy=\"strict-origin-when-cross-origin\" allowfullscreen><\/iframe>\n<\/div><\/figure>\n\n\n\n<p><\/p>\n","protected":false},"excerpt":{"rendered":"<p>&#8220;Ellert&#8221; blev k\u00e6lenavnet p\u00e5 det lille trehjulede k\u00f8rert\u00f8j som teknisk set er en trehjulet motorcykel. Prototypen hed U36, men Steen V. Jensen fik lov til at bruge navnet &#8220;Mini-EL&#8221; som Thure Bars\u00f8e-Carnfeldt ellers havde anvendt til det f\u00f8rste fors\u00f8g p\u00e5 sin elbil. Senere kom Ellerten i en forbedret version under navnet CityEl (stelnummer over nr.1950). &#8230; <a title=\"Ellert\" class=\"read-more\" href=\"https:\/\/eldrevet.dk\/?page_id=144\" aria-label=\"Read more about Ellert\">Read more<\/a><\/p>\n","protected":false},"author":1,"featured_media":0,"parent":0,"menu_order":0,"comment_status":"closed","ping_status":"closed","template":"","meta":{"footnotes":""},"class_list":["post-144","page","type-page","status-publish"],"_links":{"self":[{"href":"https:\/\/eldrevet.dk\/index.php?rest_route=\/wp\/v2\/pages\/144","targetHints":{"allow":["GET"]}}],"collection":[{"href":"https:\/\/eldrevet.dk\/index.php?rest_route=\/wp\/v2\/pages"}],"about":[{"href":"https:\/\/eldrevet.dk\/index.php?rest_route=\/wp\/v2\/types\/page"}],"author":[{"embeddable":true,"href":"https:\/\/eldrevet.dk\/index.php?rest_route=\/wp\/v2\/users\/1"}],"replies":[{"embeddable":true,"href":"https:\/\/eldrevet.dk\/index.php?rest_route=%2Fwp%2Fv2%2Fcomments&post=144"}],"version-history":[{"count":1,"href":"https:\/\/eldrevet.dk\/index.php?rest_route=\/wp\/v2\/pages\/144\/revisions"}],"predecessor-version":[{"id":146,"href":"https:\/\/eldrevet.dk\/index.php?rest_route=\/wp\/v2\/pages\/144\/revisions\/146"}],"wp:attachment":[{"href":"https:\/\/eldrevet.dk\/index.php?rest_route=%2Fwp%2Fv2%2Fmedia&parent=144"}],"curies":[{"name":"wp","href":"https:\/\/api.w.org\/{rel}","templated":true}]}}