{"id":151,"date":"2026-01-29T14:40:41","date_gmt":"2026-01-29T14:40:41","guid":{"rendered":"http:\/\/eldrevet.dk\/?page_id=151"},"modified":"2026-01-29T14:40:41","modified_gmt":"2026-01-29T14:40:41","slug":"hvor-blev-de-af","status":"publish","type":"page","link":"https:\/\/eldrevet.dk\/?page_id=151","title":{"rendered":"Hvor blev de af"},"content":{"rendered":"\n<p>Der er s\u00e5 f\u00e5 Van udgaver at de alle er mere eller mindre kendt.<\/p>\n\n\n\n<p>Sidder du med information jeg ikke har med her, m\u00e5 du endeligt skrive til mig, ogs\u00e5 meget gerne med billeder eller historier.<\/p>\n\n\n\n<p>Nogle rygter siger at de 3-4 sidste Vans aldrig er blevet samlet, men dog har f\u00e5et stelnummer og dermed burde kunne indregistreres, kender du til dette s\u00e5 skriv til mig.<\/p>\n\n\n\n<figure class=\"wp-block-table\"><table class=\"has-fixed-layout\"><tbody><tr><td>Nummer 1 &#8211; Model 1997 Gr\u00f8n Panelvan<\/td><td>Blev brugt i Fredericia kommune, st\u00e5r nu i privat eje i Danmark dog ikke indregistreret<\/td><\/tr><tr><td>Nummer 2 &#8211; Model 1997 Gr\u00f8n Panelvan<\/td><td>Br\u00e6ndte desv\u00e6rre i 2011, da var den i privat eje i Danmark, men var oprindeligt ogs\u00e5 en vogn fra Fredericia kommune<\/td><\/tr><tr><td>Nummer 3 &#8211; Model 1997 Bl\u00e5(Gul) Panelvan<\/td><td>Originalt var den gul, men blev lakeret bl\u00e5 da et norsk energiselskab havde den, efter dette var den i privat eje i Norge men er desv\u00e6rre skrottet hvis rygterne taler sandt<\/td><\/tr><tr><td>Nummer 4 &#8211; Mangler oplysninger<\/td><td>Mangler oplysninger men ikke indregistreret<\/td><\/tr><tr><td>Nummer 5 &#8211; Model 1998 Hvid med ruder<\/td><td>Bruges dagligt i Norge<\/td><\/tr><tr><td>Nummer 6 &#8211; Model 1998 Hvid med ruder<\/td><td>K\u00f8rer for Ullev\u00e5l sygehus i Norge<\/td><\/tr><tr><td>Nummer 7 &#8211; Model 1998 Orange med ruder<\/td><td>Blev brugt i Frederikshavn kommune, her blev den hovedsageligt brugt til at k\u00f8re makuleret papir til en papircontainer, men ogs\u00e5 sm\u00e5 \u00e6rinder rundt omkring.<\/td><\/tr><tr><td>Nummer 8 &#8211; Model 1998 Hvid med ruder<\/td><td>K\u00f8rer for Ullev\u00e5l sygehus i Norge<\/td><\/tr><tr><td>Nummer 9 &#8211; Aldrig samlet<\/td><td>Mangler oplysninger men ikke indregistreret<\/td><\/tr><tr><td>Nummer 10 &#8211; Aldrig samlet<\/td><td>Mangler oplysninger men ikke indregistreret<\/td><\/tr><tr><td>Nummer 11 &#8211; Model 1998 R\u00f8d med ruder<\/td><td>ikke indregistreret, delvist samlet, st\u00e5r i Norge<\/td><\/tr><tr><td>Nummer 12 &#8211; Mangler oplysninger<\/td><td>Mangler oplysninger, rygterne siger den m\u00e5ske ikke er iblandt os mere -som van ihvertfald&#8230;<\/td><\/tr><\/tbody><\/table><\/figure>\n\n\n\n<p>Van nummer 1:<br><\/p>\n\n\n\n<figure class=\"wp-block-image size-large is-resized\"><img loading=\"lazy\" decoding=\"async\" width=\"1024\" height=\"768\" src=\"https:\/\/eldrevet.dk\/wp-content\/uploads\/2026\/01\/488-8872_IMG-1024x768.jpg\" alt=\"\" class=\"wp-image-152\" style=\"aspect-ratio:1.3333401151553377;width:516px;height:auto\" srcset=\"https:\/\/eldrevet.dk\/wp-content\/uploads\/2026\/01\/488-8872_IMG-1024x768.jpg 1024w, https:\/\/eldrevet.dk\/wp-content\/uploads\/2026\/01\/488-8872_IMG-300x225.jpg 300w, https:\/\/eldrevet.dk\/wp-content\/uploads\/2026\/01\/488-8872_IMG-768x576.jpg 768w, https:\/\/eldrevet.dk\/wp-content\/uploads\/2026\/01\/488-8872_IMG-1536x1152.jpg 1536w, https:\/\/eldrevet.dk\/wp-content\/uploads\/2026\/01\/488-8872_IMG-2048x1536.jpg 2048w\" sizes=\"auto, (max-width: 1024px) 100vw, 1024px\" \/><\/figure>\n\n\n\n<p>Van nummer 2:<br><br><\/p>\n\n\n\n<figure class=\"wp-block-image size-large is-resized\"><img loading=\"lazy\" decoding=\"async\" width=\"1024\" height=\"768\" src=\"https:\/\/eldrevet.dk\/wp-content\/uploads\/2026\/01\/488-8859_IMG-1024x768.jpg\" alt=\"\" class=\"wp-image-153\" style=\"aspect-ratio:1.3333401151553377;width:526px;height:auto\" srcset=\"https:\/\/eldrevet.dk\/wp-content\/uploads\/2026\/01\/488-8859_IMG-1024x768.jpg 1024w, https:\/\/eldrevet.dk\/wp-content\/uploads\/2026\/01\/488-8859_IMG-300x225.jpg 300w, https:\/\/eldrevet.dk\/wp-content\/uploads\/2026\/01\/488-8859_IMG-768x576.jpg 768w, https:\/\/eldrevet.dk\/wp-content\/uploads\/2026\/01\/488-8859_IMG-1536x1152.jpg 1536w, https:\/\/eldrevet.dk\/wp-content\/uploads\/2026\/01\/488-8859_IMG-2048x1536.jpg 2048w\" sizes=\"auto, (max-width: 1024px) 100vw, 1024px\" \/><\/figure>\n\n\n\n<p>Van nummer 3: (originalt gul senere bl\u00e5)<\/p>\n\n\n\n<figure class=\"wp-block-image size-full is-resized\"><img loading=\"lazy\" decoding=\"async\" width=\"450\" height=\"303\" src=\"https:\/\/eldrevet.dk\/wp-content\/uploads\/2026\/01\/kewet-city-van-13.jpg_lbb.jpg\" alt=\"\" class=\"wp-image-154\" style=\"aspect-ratio:1.48522510442989;width:523px;height:auto\" srcset=\"https:\/\/eldrevet.dk\/wp-content\/uploads\/2026\/01\/kewet-city-van-13.jpg_lbb.jpg 450w, https:\/\/eldrevet.dk\/wp-content\/uploads\/2026\/01\/kewet-city-van-13.jpg_lbb-300x202.jpg 300w\" sizes=\"auto, (max-width: 450px) 100vw, 450px\" \/><\/figure>\n\n\n\n<figure class=\"wp-block-image size-full is-resized\"><img loading=\"lazy\" decoding=\"async\" width=\"720\" height=\"492\" src=\"https:\/\/eldrevet.dk\/wp-content\/uploads\/2026\/01\/2834_001-001.jpg\" alt=\"\" class=\"wp-image-155\" style=\"aspect-ratio:1.4634611109346713;width:522px;height:auto\" srcset=\"https:\/\/eldrevet.dk\/wp-content\/uploads\/2026\/01\/2834_001-001.jpg 720w, https:\/\/eldrevet.dk\/wp-content\/uploads\/2026\/01\/2834_001-001-300x205.jpg 300w\" sizes=\"auto, (max-width: 720px) 100vw, 720px\" \/><\/figure>\n\n\n\n<p>Van nummer 5:<\/p>\n\n\n\n<figure class=\"wp-block-image size-full is-resized\"><img loading=\"lazy\" decoding=\"async\" width=\"640\" height=\"480\" src=\"https:\/\/eldrevet.dk\/wp-content\/uploads\/2026\/01\/KEWET.jpg\" alt=\"\" class=\"wp-image-156\" style=\"width:525px;height:auto\" srcset=\"https:\/\/eldrevet.dk\/wp-content\/uploads\/2026\/01\/KEWET.jpg 640w, https:\/\/eldrevet.dk\/wp-content\/uploads\/2026\/01\/KEWET-300x225.jpg 300w\" sizes=\"auto, (max-width: 640px) 100vw, 640px\" \/><\/figure>\n\n\n\n<p>Van nummer 6:<\/p>\n\n\n\n<figure class=\"wp-block-image size-full is-resized\"><img loading=\"lazy\" decoding=\"async\" width=\"450\" height=\"337\" src=\"https:\/\/eldrevet.dk\/wp-content\/uploads\/2026\/01\/kewet-city-van-16.jpg_lbb.jpg\" alt=\"\" class=\"wp-image-157\" style=\"aspect-ratio:1.3353734872722214;width:519px;height:auto\" srcset=\"https:\/\/eldrevet.dk\/wp-content\/uploads\/2026\/01\/kewet-city-van-16.jpg_lbb.jpg 450w, https:\/\/eldrevet.dk\/wp-content\/uploads\/2026\/01\/kewet-city-van-16.jpg_lbb-300x225.jpg 300w\" sizes=\"auto, (max-width: 450px) 100vw, 450px\" \/><\/figure>\n\n\n\n<p>Van nummer 7:<\/p>\n\n\n\n<figure class=\"wp-block-image size-large is-resized\"><img loading=\"lazy\" decoding=\"async\" width=\"1024\" height=\"672\" src=\"https:\/\/eldrevet.dk\/wp-content\/uploads\/2026\/01\/citivan-1024x672.jpg\" alt=\"\" class=\"wp-image-158\" style=\"aspect-ratio:1.5238571362135516;width:518px;height:auto\" srcset=\"https:\/\/eldrevet.dk\/wp-content\/uploads\/2026\/01\/citivan-1024x672.jpg 1024w, https:\/\/eldrevet.dk\/wp-content\/uploads\/2026\/01\/citivan-300x197.jpg 300w, https:\/\/eldrevet.dk\/wp-content\/uploads\/2026\/01\/citivan-768x504.jpg 768w, https:\/\/eldrevet.dk\/wp-content\/uploads\/2026\/01\/citivan.jpg 1106w\" sizes=\"auto, (max-width: 1024px) 100vw, 1024px\" \/><\/figure>\n\n\n\n<p>Van nummer 8:<\/p>\n\n\n\n<figure class=\"wp-block-image size-full is-resized\"><img loading=\"lazy\" decoding=\"async\" width=\"700\" height=\"511\" src=\"https:\/\/eldrevet.dk\/wp-content\/uploads\/2026\/01\/ullbudd02.jpg\" alt=\"\" class=\"wp-image-159\" style=\"aspect-ratio:1.3699049016909763;width:509px;height:auto\" srcset=\"https:\/\/eldrevet.dk\/wp-content\/uploads\/2026\/01\/ullbudd02.jpg 700w, https:\/\/eldrevet.dk\/wp-content\/uploads\/2026\/01\/ullbudd02-300x219.jpg 300w\" sizes=\"auto, (max-width: 700px) 100vw, 700px\" \/><\/figure>\n\n\n\n<p>Van nummer 9,10,(11),12 (ses p\u00e5 h\u00f8jkant i baggrunden men dette er et g\u00e6t)<\/p>\n\n\n\n<figure class=\"wp-block-image size-full is-resized\"><img loading=\"lazy\" decoding=\"async\" width=\"352\" height=\"288\" src=\"https:\/\/eldrevet.dk\/wp-content\/uploads\/2026\/01\/CitiVan-2.jpg\" alt=\"\" class=\"wp-image-160\" style=\"aspect-ratio:1.222234279203516;width:391px;height:auto\" srcset=\"https:\/\/eldrevet.dk\/wp-content\/uploads\/2026\/01\/CitiVan-2.jpg 352w, https:\/\/eldrevet.dk\/wp-content\/uploads\/2026\/01\/CitiVan-2-300x245.jpg 300w\" sizes=\"auto, (max-width: 352px) 100vw, 352px\" \/><\/figure>\n\n\n\n<p>Van nummer 11:<\/p>\n\n\n\n<figure class=\"wp-block-image size-full is-resized\"><img loading=\"lazy\" decoding=\"async\" width=\"720\" height=\"493\" src=\"https:\/\/eldrevet.dk\/wp-content\/uploads\/2026\/01\/2830_001.jpg\" alt=\"\" class=\"wp-image-161\" style=\"aspect-ratio:1.4604925358942664;width:488px;height:auto\" srcset=\"https:\/\/eldrevet.dk\/wp-content\/uploads\/2026\/01\/2830_001.jpg 720w, https:\/\/eldrevet.dk\/wp-content\/uploads\/2026\/01\/2830_001-300x205.jpg 300w\" sizes=\"auto, (max-width: 720px) 100vw, 720px\" \/><\/figure>\n\n\n\n<p>Van nummer 12 (m\u00e5ske \ud83d\ude42 )<\/p>\n\n\n\n<figure class=\"wp-block-image size-large is-resized\"><img loading=\"lazy\" decoding=\"async\" width=\"1024\" height=\"572\" src=\"https:\/\/eldrevet.dk\/wp-content\/uploads\/2026\/01\/Untitled-3-1024x572.jpg\" alt=\"\" class=\"wp-image-162\" style=\"aspect-ratio:1.7902802819209966;width:526px;height:auto\" srcset=\"https:\/\/eldrevet.dk\/wp-content\/uploads\/2026\/01\/Untitled-3-1024x572.jpg 1024w, https:\/\/eldrevet.dk\/wp-content\/uploads\/2026\/01\/Untitled-3-300x168.jpg 300w, https:\/\/eldrevet.dk\/wp-content\/uploads\/2026\/01\/Untitled-3-768x429.jpg 768w, https:\/\/eldrevet.dk\/wp-content\/uploads\/2026\/01\/Untitled-3.jpg 1071w\" sizes=\"auto, (max-width: 1024px) 100vw, 1024px\" \/><\/figure>\n\n\n\n<p>Citi-van har sin egen typegodkendelse naturligvis som en N1 alts\u00e5 varebil, da der ikke findes en godkendelse som M1 kan bilen ikke laves om til &#8220;person-transport&#8221; og f.eks. f\u00e5 bags\u00e6der, selvom dette kunne v\u00e6re en sjov tilf\u00f8jelse til bilen.<\/p>\n\n\n\n<p>Stelnummeret p\u00e5 en Citi-van kan b\u00e5de starte med WKD men ogs\u00e5 med UH4 som den almindelige Kewet<\/p>\n\n\n\n<p><\/p>\n","protected":false},"excerpt":{"rendered":"<p>Der er s\u00e5 f\u00e5 Van udgaver at de alle er mere eller mindre kendt. Sidder du med information jeg ikke har med her, m\u00e5 du endeligt skrive til mig, ogs\u00e5 meget gerne med billeder eller historier. Nogle rygter siger at de 3-4 sidste Vans aldrig er blevet samlet, men dog har f\u00e5et stelnummer og dermed &#8230; <a title=\"Hvor blev de af\" class=\"read-more\" href=\"https:\/\/eldrevet.dk\/?page_id=151\" aria-label=\"Read more about Hvor blev de af\">Read more<\/a><\/p>\n","protected":false},"author":1,"featured_media":0,"parent":0,"menu_order":0,"comment_status":"closed","ping_status":"closed","template":"","meta":{"footnotes":""},"class_list":["post-151","page","type-page","status-publish"],"_links":{"self":[{"href":"https:\/\/eldrevet.dk\/index.php?rest_route=\/wp\/v2\/pages\/151","targetHints":{"allow":["GET"]}}],"collection":[{"href":"https:\/\/eldrevet.dk\/index.php?rest_route=\/wp\/v2\/pages"}],"about":[{"href":"https:\/\/eldrevet.dk\/index.php?rest_route=\/wp\/v2\/types\/page"}],"author":[{"embeddable":true,"href":"https:\/\/eldrevet.dk\/index.php?rest_route=\/wp\/v2\/users\/1"}],"replies":[{"embeddable":true,"href":"https:\/\/eldrevet.dk\/index.php?rest_route=%2Fwp%2Fv2%2Fcomments&post=151"}],"version-history":[{"count":1,"href":"https:\/\/eldrevet.dk\/index.php?rest_route=\/wp\/v2\/pages\/151\/revisions"}],"predecessor-version":[{"id":163,"href":"https:\/\/eldrevet.dk\/index.php?rest_route=\/wp\/v2\/pages\/151\/revisions\/163"}],"wp:attachment":[{"href":"https:\/\/eldrevet.dk\/index.php?rest_route=%2Fwp%2Fv2%2Fmedia&parent=151"}],"curies":[{"name":"wp","href":"https:\/\/api.w.org\/{rel}","templated":true}]}}

<p>Der er så få Van udgaver at de alle er mere eller mindre kendt.</p>



<p>Sidder du med information jeg ikke har med her, må du endeligt skrive til mig, også meget gerne med billeder eller historier.</p>



<p>Nogle rygter siger at de 3-4 sidste Vans aldrig er blevet samlet, men dog har fået stelnummer og dermed burde kunne indregistreres, kender du til dette så skriv til mig.</p>



<figure class="wp-block-table"><table class="has-fixed-layout"><tbody><tr><td>Nummer 1 &#8211; Model 1997 Grøn Panelvan</td><td>Blev brugt i Fredericia kommune, står nu i privat eje i Danmark dog ikke indregistreret</td></tr><tr><td>Nummer 2 &#8211; Model 1997 Grøn Panelvan</td><td>Brændte desværre i 2011, da var den i privat eje i Danmark, men var oprindeligt også en vogn fra Fredericia kommune</td></tr><tr><td>Nummer 3 &#8211; Model 1997 Blå(Gul) Panelvan</td><td>Originalt var den gul, men blev lakeret blå da et norsk energiselskab havde den, efter dette var den i privat eje i Norge men er desværre skrottet hvis rygterne taler sandt</td></tr><tr><td>Nummer 4 &#8211; Mangler oplysninger</td><td>Mangler oplysninger men ikke indregistreret</td></tr><tr><td>Nummer 5 &#8211; Model 1998 Hvid med ruder</td><td>Bruges dagligt i Norge</td></tr><tr><td>Nummer 6 &#8211; Model 1998 Hvid med ruder</td><td>Kører for Ullevål sygehus i Norge</td></tr><tr><td>Nummer 7 &#8211; Model 1998 Orange med ruder</td><td>Blev brugt i Frederikshavn kommune, her blev den hovedsageligt brugt til at køre makuleret papir til en papircontainer, men også små ærinder rundt omkring.</td></tr><tr><td>Nummer 8 &#8211; Model 1998 Hvid med ruder</td><td>Kører for Ullevål sygehus i Norge</td></tr><tr><td>Nummer 9 &#8211; Aldrig samlet</td><td>Mangler oplysninger men ikke indregistreret</td></tr><tr><td>Nummer 10 &#8211; Aldrig samlet</td><td>Mangler oplysninger men ikke indregistreret</td></tr><tr><td>Nummer 11 &#8211; Model 1998 Rød med ruder</td><td>ikke indregistreret, delvist samlet, står i Norge</td></tr><tr><td>Nummer 12 &#8211; Mangler oplysninger</td><td>Mangler oplysninger, rygterne siger den måske ikke er iblandt os mere -som van ihvertfald&#8230;</td></tr></tbody></table></figure>



<p>Van nummer 1:<br></p>



<figure class="wp-block-image size-large is-resized"><img loading="lazy" decoding="async" width="1024" height="768" src="https://eldrevet.dk/wp-content/uploads/2026/01/488-8872_IMG-1024x768.jpg" alt="" class="wp-image-152" style="aspect-ratio:1.3333401151553377;width:516px;height:auto" srcset="https://eldrevet.dk/wp-content/uploads/2026/01/488-8872_IMG-1024x768.jpg 1024w, https://eldrevet.dk/wp-content/uploads/2026/01/488-8872_IMG-300x225.jpg 300w, https://eldrevet.dk/wp-content/uploads/2026/01/488-8872_IMG-768x576.jpg 768w, https://eldrevet.dk/wp-content/uploads/2026/01/488-8872_IMG-1536x1152.jpg 1536w, https://eldrevet.dk/wp-content/uploads/2026/01/488-8872_IMG-2048x1536.jpg 2048w" sizes="auto, (max-width: 1024px) 100vw, 1024px" /></figure>



<p>Van nummer 2:<br><br></p>



<figure class="wp-block-image size-large is-resized"><img loading="lazy" decoding="async" width="1024" height="768" src="https://eldrevet.dk/wp-content/uploads/2026/01/488-8859_IMG-1024x768.jpg" alt="" class="wp-image-153" style="aspect-ratio:1.3333401151553377;width:526px;height:auto" srcset="https://eldrevet.dk/wp-content/uploads/2026/01/488-8859_IMG-1024x768.jpg 1024w, https://eldrevet.dk/wp-content/uploads/2026/01/488-8859_IMG-300x225.jpg 300w, https://eldrevet.dk/wp-content/uploads/2026/01/488-8859_IMG-768x576.jpg 768w, https://eldrevet.dk/wp-content/uploads/2026/01/488-8859_IMG-1536x1152.jpg 1536w, https://eldrevet.dk/wp-content/uploads/2026/01/488-8859_IMG-2048x1536.jpg 2048w" sizes="auto, (max-width: 1024px) 100vw, 1024px" /></figure>



<p>Van nummer 3: (originalt gul senere blå)</p>



<figure class="wp-block-image size-full is-resized"><img loading="lazy" decoding="async" width="450" height="303" src="https://eldrevet.dk/wp-content/uploads/2026/01/kewet-city-van-13.jpg_lbb.jpg" alt="" class="wp-image-154" style="aspect-ratio:1.48522510442989;width:523px;height:auto" srcset="https://eldrevet.dk/wp-content/uploads/2026/01/kewet-city-van-13.jpg_lbb.jpg 450w, https://eldrevet.dk/wp-content/uploads/2026/01/kewet-city-van-13.jpg_lbb-300x202.jpg 300w" sizes="auto, (max-width: 450px) 100vw, 450px" /></figure>



<figure class="wp-block-image size-full is-resized"><img loading="lazy" decoding="async" width="720" height="492" src="https://eldrevet.dk/wp-content/uploads/2026/01/2834_001-001.jpg" alt="" class="wp-image-155" style="aspect-ratio:1.4634611109346713;width:522px;height:auto" srcset="https://eldrevet.dk/wp-content/uploads/2026/01/2834_001-001.jpg 720w, https://eldrevet.dk/wp-content/uploads/2026/01/2834_001-001-300x205.jpg 300w" sizes="auto, (max-width: 720px) 100vw, 720px" /></figure>



<p>Van nummer 5:</p>



<figure class="wp-block-image size-full is-resized"><img loading="lazy" decoding="async" width="640" height="480" src="https://eldrevet.dk/wp-content/uploads/2026/01/KEWET.jpg" alt="" class="wp-image-156" style="width:525px;height:auto" srcset="https://eldrevet.dk/wp-content/uploads/2026/01/KEWET.jpg 640w, https://eldrevet.dk/wp-content/uploads/2026/01/KEWET-300x225.jpg 300w" sizes="auto, (max-width: 640px) 100vw, 640px" /></figure>



<p>Van nummer 6:</p>



<figure class="wp-block-image size-full is-resized"><img loading="lazy" decoding="async" width="450" height="337" src="https://eldrevet.dk/wp-content/uploads/2026/01/kewet-city-van-16.jpg_lbb.jpg" alt="" class="wp-image-157" style="aspect-ratio:1.3353734872722214;width:519px;height:auto" srcset="https://eldrevet.dk/wp-content/uploads/2026/01/kewet-city-van-16.jpg_lbb.jpg 450w, https://eldrevet.dk/wp-content/uploads/2026/01/kewet-city-van-16.jpg_lbb-300x225.jpg 300w" sizes="auto, (max-width: 450px) 100vw, 450px" /></figure>



<p>Van nummer 7:</p>



<figure class="wp-block-image size-large is-resized"><img loading="lazy" decoding="async" width="1024" height="672" src="https://eldrevet.dk/wp-content/uploads/2026/01/citivan-1024x672.jpg" alt="" class="wp-image-158" style="aspect-ratio:1.5238571362135516;width:518px;height:auto" srcset="https://eldrevet.dk/wp-content/uploads/2026/01/citivan-1024x672.jpg 1024w, https://eldrevet.dk/wp-content/uploads/2026/01/citivan-300x197.jpg 300w, https://eldrevet.dk/wp-content/uploads/2026/01/citivan-768x504.jpg 768w, https://eldrevet.dk/wp-content/uploads/2026/01/citivan.jpg 1106w" sizes="auto, (max-width: 1024px) 100vw, 1024px" /></figure>



<p>Van nummer 8:</p>



<figure class="wp-block-image size-full is-resized"><img loading="lazy" decoding="async" width="700" height="511" src="https://eldrevet.dk/wp-content/uploads/2026/01/ullbudd02.jpg" alt="" class="wp-image-159" style="aspect-ratio:1.3699049016909763;width:509px;height:auto" srcset="https://eldrevet.dk/wp-content/uploads/2026/01/ullbudd02.jpg 700w, https://eldrevet.dk/wp-content/uploads/2026/01/ullbudd02-300x219.jpg 300w" sizes="auto, (max-width: 700px) 100vw, 700px" /></figure>



<p>Van nummer 9,10,(11),12 (ses på højkant i baggrunden men dette er et gæt)</p>



<figure class="wp-block-image size-full is-resized"><img loading="lazy" decoding="async" width="352" height="288" src="https://eldrevet.dk/wp-content/uploads/2026/01/CitiVan-2.jpg" alt="" class="wp-image-160" style="aspect-ratio:1.222234279203516;width:391px;height:auto" srcset="https://eldrevet.dk/wp-content/uploads/2026/01/CitiVan-2.jpg 352w, https://eldrevet.dk/wp-content/uploads/2026/01/CitiVan-2-300x245.jpg 300w" sizes="auto, (max-width: 352px) 100vw, 352px" /></figure>



<p>Van nummer 11:</p>



<figure class="wp-block-image size-full is-resized"><img loading="lazy" decoding="async" width="720" height="493" src="https://eldrevet.dk/wp-content/uploads/2026/01/2830_001.jpg" alt="" class="wp-image-161" style="aspect-ratio:1.4604925358942664;width:488px;height:auto" srcset="https://eldrevet.dk/wp-content/uploads/2026/01/2830_001.jpg 720w, https://eldrevet.dk/wp-content/uploads/2026/01/2830_001-300x205.jpg 300w" sizes="auto, (max-width: 720px) 100vw, 720px" /></figure>



<p>Van nummer 12 (måske 🙂 )</p>



<figure class="wp-block-image size-large is-resized"><img loading="lazy" decoding="async" width="1024" height="572" src="https://eldrevet.dk/wp-content/uploads/2026/01/Untitled-3-1024x572.jpg" alt="" class="wp-image-162" style="aspect-ratio:1.7902802819209966;width:526px;height:auto" srcset="https://eldrevet.dk/wp-content/uploads/2026/01/Untitled-3-1024x572.jpg 1024w, https://eldrevet.dk/wp-content/uploads/2026/01/Untitled-3-300x168.jpg 300w, https://eldrevet.dk/wp-content/uploads/2026/01/Untitled-3-768x429.jpg 768w, https://eldrevet.dk/wp-content/uploads/2026/01/Untitled-3.jpg 1071w" sizes="auto, (max-width: 1024px) 100vw, 1024px" /></figure>



<p>Citi-van har sin egen typegodkendelse naturligvis som en N1 altså varebil, da der ikke findes en godkendelse som M1 kan bilen ikke laves om til &#8220;person-transport&#8221; og f.eks. få bagsæder, selvom dette kunne være en sjov tilføjelse til bilen.</p>



<p>Stelnummeret på en Citi-van kan både starte med WKD men også med UH4 som den almindelige Kewet</p>



<p></p>

<p>Der er så få Van udgaver at de alle er mere eller mindre kendt. Sidder du med information jeg ikke har med her, må du endeligt skrive til mig, også meget gerne med billeder eller historier. Nogle rygter siger at de 3-4 sidste Vans aldrig er blevet samlet, men dog har fået stelnummer og dermed &#8230; <a title="Hvor blev de af" class="read-more" href="https://eldrevet.dk/?page_id=151" aria-label="Read more about Hvor blev de af">Read more</a></p>
